d n?
206
Let j = -818 + 878. What is the highest common divisor of j and 1780?
20
Let v be (((-80)/6)/8)/((-6)/216). Suppose x - 96 = 5*x. Let r = x - -48. What is the greatest common divisor of v and r?
12
Let s be 26/(-8)*(-7 + -29 - 0). Calculate the highest common factor of s and 8307.
117
Suppose 5*g - 44 - 11 = 0. Suppose -198 = 81*p - 99*p. Calculate the highest common factor of p and g.
11
Suppose -9*c - 3*c + 72 = 0. Suppose 0 = -g - 3*j + 12, 2*j - 4*j = g - 17. Calculate the greatest common factor of g and c.
3
Let k(p) be the third derivative of -47*p**4/6 - 4*p**3/3 - 45*p**2. Let j be k(-1). What is the highest common factor of j and 20?
20
Let o(w) = -3*w**3 + 15*w**2 + 98*w - 11. Let y be o(-10). What is the highest common divisor of y and 484?
121
Suppose 5*a - 51 = -26, -2*y + 47 = 3*a. What is the highest common divisor of 1432 and y?
8
Suppose -140*t - 602 = -5922. What is the highest common divisor of 9538 and t?
38
Suppose 172 - 458 = -26*n. Suppose -3*v + 47 = -2*m, v - 5*m - n = -2*m. Calculate the highest common factor of v and 51.
17
Let q(a) = 2*a**2 + 123*a + 1952. Let f be q(-32). What is the greatest common divisor of f and 3664?
16
Suppose -6*x - 84 = -1164. Suppose -5*j + 2*i + 1496 = 0, -i = j - 3*i - 296. What is the greatest common divisor of j and x?
60
Let k be ((-132)/(-20) - 6)/((-24)/(-1480)). What is the greatest common divisor of 703 and k?
37
Let k = -6979 - -7005. What is the highest common factor of k and 2301?
13
Let v be (36/10)/((-2)/(-15)). Let t = 3796 - 3787. Calculate the highest common divisor of v and t.
9
Suppose 5*x - 19 - 94 = h, -4*h - 107 = -5*x. Suppose -9 = -4*s + x. Suppose -t = -s*t + 392. What is the highest common divisor of t and 7?
7
Let h(s) = 2*s**3 - 8*s**2 + s + 10. Let w be h(3). Let r be ((-4 - (-198)/24) + w)*-16. Calculate the highest common factor of r and 3.
3
Suppose -40 = -0*h - 10*h. Suppose 672 = -h*o + 11*o. Suppose 0 = -2*g + 3*i + 22 + 455, 0 = -3*g - i + 721. What is the greatest common factor of g and o?
48
Let q(r) = -120*r + 482. Let v be q(-10). Calculate the highest common divisor of 232 and v.
58
Let a = -14 - -16. Suppose -2083 + 403 = 14*t. Let f = -98 - t. Calculate the greatest common divisor of a and f.
2
Let o = -172 - -7209. Calculate the greatest common divisor of 227 and o.
227
Suppose 5*p - 635 + 255 = -3*y, -5*y + 685 = -2*p. Let h = 59 - 50. Calculate the greatest common factor of y and h.
9
Let s be ((-4)/8)/(2/(-12)). Suppose 2*q - 15 = -s*m, 23 = 2*q + m + 6. What is the highest common divisor of 2 and q?
1
Let c(u) = -2*u**2 + 497*u + 4650. Let g be c(-9). Suppose -51 = -4*w - 3*r, -5*w = -4*w + 4*r - 29. What is the greatest common divisor of g and w?
3
Let g be ((-1)/(-2) + 7/2)*26. Let a be ((-2)/6)/(7/1659). Let t = a + g. Calculate the highest common factor of t and 10.
5
Let m(h) = -15*h**2 + 967*h - 158. Let q be m(64). Calculate the highest common factor of q and 1630.
10
Let o(l) = l**2 - 25*l + 21. Suppose 0 = -f - 4*i + 32, 5*i + 0*i - 75 = -3*f. Let q be o(f). Let w = -34 - q. What is the greatest common factor of 18 and w?
9
Suppose 0 = -3*f - 15, f = -4*j + 1 + 2. Suppose -14*q + 13*q = -y + 71, 5*q = -j*y + 135. Calculate the greatest common divisor of y and 28.
14
Suppose 10*v + 62 = -18. Let s be (-754)/(-9) - (v + 490/63). What is the greatest common factor of 24 and s?
12
Let k(m) = -m**2 - 22*m + 46. Let p be k(-23). Let v be 23/(-3*7/(-168)). What is the greatest common factor of p and v?
23
Suppose -263*g + 266*g = 21. Suppose 0 = s - 2*w - g, -28 = -4*s + 5*w. Calculate the highest common divisor of s and 49.
7
Let z(t) = -3*t + 9. Let k be z(0). Suppose -4*o - 28 = -2*d, -5*d + 5*o = k - 79. Suppose 0 = -2*l + 12 + d. Calculate the greatest common divisor of l and 91.
13
Let m = 681 + -990. Let w = 403 + m. What is the highest common factor of 611 and w?
47
Let t(h) = -h - 1. Let d be t(-5). Suppose 3*n + 196*f - 191*f = 38, -5*f = -n + 66. Calculate the greatest common factor of d and n.
2
Let s(j) be the first derivative of j**3/3 - 13*j**2/2 - 24*j - 5. Let g be s(13). Let r = g - -36. What is the highest common factor of r and 1?
1
Let c(p) = -p + 40. Let v be c(11). Let b = -527 - -817. Calculate the greatest common divisor of b and v.
29
Let v = -5231 + 5238. Let o = 105 + -28. What is the greatest common divisor of o and v?
7
Let n(j) = 97*j**2 - 16*j - 56. Let i be n(-3). Suppose i = 8*p - 511. What is the highest common factor of 8 and p?
4
Let i(l) = -23*l - 21*l + 3 + 39*l - 6 + 16*l**2. Let m be i(2). Calculate the highest common factor of m and 85.
17
Let d = -210 + 226. Let p be ((-12)/(-6))/(-1) - -12. Calculate the highest common divisor of d and p.
2
Let n be (5/((-5)/(-4)))/(11/33). Let r = -118 + 178. What is the highest common divisor of r and n?
12
Let j(s) be the first derivative of 11/2*s**2 + 10*s - 9. Let q be j(2). Calculate the highest common factor of q and 8.
8
Let n = 414 + -217. Let o = 429 - n. Calculate the greatest common divisor of 29 and o.
29
Let l be 148/6 - (350/30 - 11). What is the greatest common divisor of 402 and l?
6
Let z = -34 - -39. Suppose z*q = 101 + 19. Let v = 29 - q. What is the highest common factor of 55 and v?
5
Let o(l) = 7*l - 28. Let p be o(-9). Let r = -27 - p. Suppose 65*v - r*v = 363. What is the greatest common divisor of 33 and v?
33
Let s = -1197 - -1519. Suppose -3*z - 3*v + 80 = -5*v, z + v - 30 = 0. Calculate the greatest common factor of s and z.
14
Let k = -13 - -23. Suppose -15 = -6*n + n. Let u be (-285)/19*(-4)/n. Calculate the highest common factor of u and k.
10
Let t = 6 - 1. Let l be 0/(t/(-1 - -6)). Suppose l = -5*s + 6 + 4. What is the greatest common factor of s and 10?
2
Let j be 8 + ((-16)/32)/(1/10). Let w(f) = 20*f**2 + 8*f - 12. Let p be w(j). What is the highest common factor of 320 and p?
64
Suppose 4*x + 5*q = 5301, -4*q = 13*x - 5*x - 10644. Calculate the greatest common divisor of 1610 and x.
46
Suppose 347*c = 338*c + 801. Calculate the highest common divisor of 23407 and c.
89
Let w(y) = y**3 + 18*y**2 - 173*y - 29. Let s be w(-14). What is the highest common divisor of s and 9?
9
Let m(g) = 1170*g**2 + 170*g - 171. Let j be m(1). Calculate the highest common factor of j and 7.
7
Suppose 0 = -5*o - 5*v + 25, 2*v + 15 = -v. Suppose -8*t = -o*t + 602. Suppose t = 8*n + 61. Calculate the highest common divisor of 70 and n.
10
Let i be 2/(-3) - (-377)/3. Let z(b) = 259*b - 41783. Let c be z(162). What is the greatest common divisor of c and i?
25
Suppose 0 = -13*d + 92688 + 126090 - 46112. Calculate the highest common factor of d and 116.
58
Let n be -4 + 6 + (4 + -14)/(-2). Let q be -14*(-3)/(-6)*(-2)/n. What is the greatest common factor of 58 and q?
2
Let t = 21596 + -9353. What is the highest common divisor of t and 77?
77
Let b(z) = 167*z - 1953. Let p be b(15). Calculate the highest common divisor of 966 and p.
138
Let j = -8 - -13. Suppose -j*o = 8*d - 5*d + 3, 0 = -3*d + 3*o + 21. Let x be -48*(46/(-8) + d). Calculate the greatest common factor of 12 and x.
12
Let y = 10413 - 10210. Calculate the greatest common factor of y and 1508.
29
Let h(i) = -i**3 - i**2 + 10*i - 3. Let u be h(2). Suppose 4*w - 696 = -u*a + 105, 320 = 2*a + 2*w. Calculate the greatest common divisor of a and 7.
7
Let a(w) = -10*w + 28. Let n be a(4). Let s be (-9 - 54)*2/n*2. Calculate the highest common divisor of s and 105.
21
Let v = 5 - 3. Suppose v*s - 180 = -2*m - m, -3*m + s = -180. Let w be -1 + 576/28 + 5/35*3. What is the greatest common divisor of m and w?
20
Let w = 2 + 3. Suppose 776 = -13*z + 789. What is the highest common factor of z and w?
1
Let v = 10915 + -10877. Calculate the highest common divisor of 6 and v.
2
Suppose 5*z + 12 = 2, -3*z = -4*r + 5358. Calculate the greatest common factor of r and 12.
6
Let l be 3/(((-24)/4)/(-240)). What is the highest common divisor of 195 and l?
15
Let w be 8/(-10) - 204/(-5). Let n(x) = 2*x + 0*x - 19 + 4*x - 2*x. Let t be n(6). What is the highest common divisor of t and w?
5
Let s(l) = 19*l + 1. Let x be s(8). Let j be -10 - (-4 + -105) - 3. Suppose -x*g = -157*g + j. What is the highest common factor of g and 84?
12
Let r(t) = t + 2. Let n be r(2). Let x be (11 - (-2233)/132) + 4/48